048. Let z(o) = 2*o - 28. Give z(g).
4
Let o(h) = h**3 + 5*h**2 + 6. Suppose -4*j - 1 = -k + 18, 4*k = -j - 9. Give o(j).
6
Let h(f) = f**3 + 7*f**2 + 5*f. Suppose 2 = -q + 3*s, -3*q = -3*s + 8 - 2. Let y be q - 5 - (-2 + 1). Calculate h(y).
6
Let x(l) = -5*l**2 - 3*l**2 - 2 - 4*l + l**3 - 2*l**2 + 7*l**2. Give x(4).
-2
Let f = -250 - -250. Let l(z) = z**2 + 3*z - 2. Determine l(f).
-2
Let s(r) be the second derivative of -r**8/1680 - r**7/2520 + r**6/720 + r**4/6 + 3*r**3 + 16*r + 1. Let b(o) be the third derivative of s(o). Determine b(1).
-4
Let q(u) = u**3 + 5*u**2 - 3*u + 7. Suppose -6*w - 30 = -7*w. Suppose 8*k - 3*k + w = 0. What is q(k)?
-11
Let f(q) = -q**3 + 4*q**2 - q + 1. Let p(a) = 6*a - 8. Let g be p(6). Suppose -g*l = -25*l - 9. Suppose 2*i - 3*m + 1 = 0, 2*m = i + l*m - 7. What is f(i)?
-3
Let r(d) = 5 + d - 8*d + d**2 + 0*d**2 - 3. Calculate r(4).
-10
Let q(i) = -1 - 2*i**2 + i + 2*i**3 - 3*i - 5*i**3. Let b be 3/(-2 - 33/(-12)). Let g be (b + -1 + -1)/(-2). What is q(g)?
2
Let o(c) = 2*c + 19. Suppose -a + 1 = -3*h + 16, 0 = 2*h - 2. Determine o(a).
-5
Let o(m) = -7*m**2 - 4*m - 2. Let d(y) = -15*y**2 - 8*y - 5. Let t(z) = -6*d(z) + 13*o(z). Calculate t(-4).
4
Suppose -3*z = -7*z + 12. Let y(m) = -2*m**2 - 3*m**3 + 12 - 11 + 4*m**3 + 4*m**z. Determine y(1).
4
Let c = -1195 + 1186. Let q(b) = 5*b + 39. Determine q(c).
-6
Let w(b) = -4*b + 11*b + 2*b**2 - b**2 + 0*b**2. Suppose 0 = 44*k - 43*k + 5. Calculate w(k).
-10
Let o(n) = -6 - 154*n + 6 + 155*n + 5. Suppose h = -2*l, 5*h - 6*l + l = 0. What is o(h)?
5
Let a(m) = -m**2 + 6*m + 5. Suppose -5*d = 2*j - 6*j - 57, -5*d + 33 = 4*j. Give a(d).
-22
Let k(j) = 6*j + 5. Let f(u) = -u - 1. Let g = -238 - -249. Suppose 0 = -5*h + 5*d - 10*d, -4*h + 2*d = -12. Let v(i) = g*f(i) + h*k(i). Calculate v(3).
2
Let y(m) = -2*m + 2. Let k be (-1 - 3/(-2))*(30 - 34). What is y(k)?
6
Let y(s) be the third derivative of 1/8*s**4 + 0*s - 36*s**2 - 5/6*s**3 + 0. Suppose 0 = -4*q - 0*q - 16. What is y(q)?
-17
Let s be (-2 - (-2)/6)*3. Let h(v) = 3*v**3 - 10*v**2 - 4*v - 1. Let q(c) = -2*c**3 + 9*c**2 + 4*c. Let m(o) = -3*h(o) - 4*q(o). Calculate m(s).
-2
Let n = 11 + -11. Let y be 6/(-4)*(n - 2). Let l(b) = 9*b**3 - b + 2*b**y - 3 + 4 + b**2 + 2*b. What is l(-1)?
-10
Let s(o) = o**3 + 3*o**2 - 2*o + 1. Let j be s(-4). Let y(w) be the third derivative of -w**5/60 - 5*w**4/12 - w**3 + w**2 - 45. Determine y(j).
15
Let k(n) = -3*n**2 + 7*n**2 - 7*n**2. Let z(t) = -3*t**3 + 22 - 23 + 2*t**3 + 3*t**2. Let d be z(1). Calculate k(d).
-3
Suppose 9 = -378*h + 377*h. Let z(a) = a**3 + 9*a**2 - a + 13. Give z(h).
22
Let h(w) = -6*w + 4. Let p be (-5 + 6)/((-1)/35). Let y = p - -60. Let o = -22 + y. Calculate h(o).
-14
Let l(b) = -3*b**2 + 11*b - 6. Let m(u) = -5*u**2 + 16*u - 9. Let f(d) = 8*l(d) - 5*m(d). What is f(-6)?
-15
Let u(w) = w**3 - w**2 - 5*w + 1. Let z be ((-1360)/238 + (-2)/7)/(-2). What is u(z)?
4
Let q = 36 + -35. Let s be 6 - 4 - (-3)/q. Let d(b) = -b**2 + 6*b - 2. Determine d(s).
3
Let u be (-19)/5 - 10/50. Let z be 1/(u - (-6 + 3)). Let k(x) = 17*x**3 - 5*x + 2. Let h(w) = -8*w**3 + 2*w - 1. Let d(y) = 9*h(y) + 4*k(y). Give d(z).
5
Suppose a - 3*b = 1, 5*a = 2*b - 1 - 7. Let o(j) be the first derivative of j**2/2 - 24. Let y(f) = 12*f. Let k(i) = -15*o(i) + y(i). Calculate k(a).
6
Let z(u) = 6*u**2 + 12*u**2 + 6*u - 7*u**2 + 5 - 10*u**2. Determine z(-4).
-3
Let x(n) = -10*n**2 + 1. Let z be 2*(-4)/12*3. Let g = z + 2. Suppose -5*h + g*h = -5. What is x(h)?
-9
Suppose 2*s + 21 - 55 = 4*h, -2*h = -4*s + 32. Let p(b) = 2*b + 7. Let a(u) = -u - 6. Let y(x) = 4*a(x) + 3*p(x). Give y(h).
-15
Let l(r) = -3*r - 4. Let k be -3 + (50 - (-3 + 5)). Let d = -21 + k. Suppose 0*g - d = 4*g. What is l(g)?
14
Let d(p) = 6*p**2 - 2*p + 1. Let o(n) = -2*n**3 + 22*n**2 + 26*n - 10. Let h be o(12). Let t = -13 + h. What is d(t)?
5
Let g(j) be the second derivative of -j**4/12 + 5*j**3/6 - j**2 - 17*j. Let z(f) = f**2 - f. Let n be z(-1). What is g(n)?
4
Suppose 5*s - 11 + 1 = 0. Let g(r) = 0 - 1 - 1 + s*r. Let k(n) = n + 8. Let c be k(-4). What is g(c)?
6
Let p(f) = 8*f + 9. Let c(x) = 6*x + 9 + 6*x + 5. Let r(b) = 5*c(b) - 8*p(b). Let l be (-1)/3 + (-4 - 14/(-6)). Determine r(l).
6
Suppose 2*v + x + 16 = 0, -5*x + 3*x = 0. Let d be v/3*9/6. Let p(a) = -4*a**2 - a + 1. Let w(c) = c**2 + c + 1. Let k(o) = p(o) + 5*w(o). Determine k(d).
6
Let b(j) = -j**3 + 10*j**2 + 13*j - 14. Let r = -135 + 146. What is b(r)?
8
Suppose -12 = 5*y - y - 4*u, 3*u = -5*y - 31. Let t(n) = n - 6*n**2 + 7*n**2 + 5*n. Let z be t(y). Let d(x) = -x**3 - 5*x**2 - 2*x - 1. What is d(z)?
9
Suppose -4*v - 5*f + 1 = 0, f = 2*v - 4*f + 7. Let t(o) be the second derivative of 1/2*o**2 - 1/12*o**4 + 0*o**3 - 4*o - 9/10*o**5 + 0. What is t(v)?
18
Suppose h = 5*h + 20. Let b = h + 7. Suppose 4 = 3*s - b*z, -4*s + s - 26 = 4*z. Let g(v) = -v**2. What is g(s)?
-4
Let r(m) = -2*m**3 + 4*m**2 + 7*m - 6. Let f(k) = 5*k**3 - 7*k**2 - 14*k + 14. Let p(d) = 3*f(d) + 7*r(d). Suppose -3*n - 17 = 1. What is p(n)?
-6
Suppose -63*p + 176 = -19*p. Let d(h) be the third derivative of 1/6*h**p + 0 + h**3 - 4*h**2 + 0*h + 1/60*h**5. Calculate d(-5).
11
Let n(x) = -x + 2. Suppose 0 = 3*v - 32 - 10. Let z(l) = -l**2 + 16*l - 2. Let q(y) = -y - 1. Let k(i) = -2*q(i) - z(i). Let g be k(v). Calculate n(g).
-2
Let s be ((-63)/(-28))/(1/(-12)). Let m be 16/(-3)*s/18. Let n(q) = -6*q**2 + 15*q**2 + 8*q - m*q**2. Give n(-8).
0
Let r = 820 + -825. Let z(s) = s**3 + 3*s**2 - 2*s + 3. Determine z(r).
-37
Let f = -13 - -16. Suppose -v - 2*v + 6 = 3*g, 3*g - 4*v - 6 = 0. Let q(c) = -g - 4*c - 1 + f*c + 14. Determine q(0).
11
Let w be ((-2)/(-3))/((2/(-123))/1). Let x = 44 + w. Let o(b) be the third derivative of -b**5/60 + b**4/8 - b**3/6 + b**2. Give o(x).
-1
Let o(q) = 4*q**2 + q. Suppose 4*t - 15 = -4*y + 9, -t - 3*y = -16. Calculate o(t).
5
Suppose 3 = t - 3. Let q = 8 - t. Let c(w) = 184*w**2 - w + 1. Let r(z) = -307*z**2 + 2*z - 1. Let p(g) = 5*c(g) + 3*r(g). Give p(q).
0
Let v(s) = 2*s + 3. Let r(l) = -3*l - 4. Let g(q) = 3*r(q) + 4*v(q). What is g(4)?
-4
Let s be 5*2/10*-2. Let o(a) be the third derivative of a**4/12 + a**3/2 - 17*a**2. What is o(s)?
-1
Let w(o) be the second derivative of o**3/6 + 31*o**2/2 - 527*o. What is w(-25)?
6
Let c(x) = x - 6. Let y be ((-2)/(-6))/((-5)/(-225)). Suppose -9*q + 14*q - y = 0. Let n(i) = 2*i**2 - 3*i - 2. Let l be n(q). What is c(l)?
1
Let v(t) = -8 - 6*t + 17*t - 3*t - 7*t. Calculate v(9).
1
Let s(k) = k + 8. Let r(o) = 3*o - 3. Let p be r(1). Let t be p*(-2)/4*(0 + -1). What is s(t)?
8
Let r = 31 - 28. Let x(z) = -4*z - 7*z**2 + 5*z**2 + r*z**2 + 1. What is x(4)?
1
Let s(y) = y**3 - 7*y**2 - 10*y + 15. Let r be s(8). Let h(o) = -21*o - 1. Determine h(r).
20
Let r(z) = -5*z - 3. Suppose 144 = -26*c - 10*c. Calculate r(c).
17
Suppose -2*p = 3*m - 123, -3*p + 172 = -2*m - 6. Suppose 2*f - p = -f. Suppose w + 18 = 5*i, -2*w - 4 + f = 3*i. Let q(d) = d**2 - 4*d + 1. Determine q(i).
1
Suppose -v + 3*z = 12, -15*z - 18 = 2*v - 19*z. Let i(w) = 4*w**2 - w - 3. Determine i(v).
36
Let m(y) be the first derivative of -y**2/2 - 15*y - 4. Let j = -950 + 939. Determine m(j).
-4
Let h(d) = -d - 3. Let p = -18 - -26. Suppose -4*w = -p*w - 20. Give h(w).
2
Let h(c) = c**2 + 22*c + 32. Let f be h(-21). Suppose -2*j - 12 = 6. Let u = j + f. Let s(y) = -3*y. What is s(u)?
-6
Suppose -3*g = -2*r - 5, -6*r + 3*g = -2*r - 5. Let p = 7 - r. Let y(h) = -h**3 + 3*h + h - 2*h + 1 + 2*h**p - 2. Give y(-2).
11
Let k(z) = -25*z - 28. Let t(s) = 13*s + 12. Let w(b) = -6*k(b) - 14*t(b). Determine w(-1).
32
Let w(v) = 0*v - v**3 - 2 - 3*v**2 + 2*v - 2. Suppose -79*d = -81*d - 96. Let f = 44 + d. Give w(f).
4
Suppose -3*j = 2*j - 40. Let y(i) = -17*i - 1. Let b(t) = -t**3 + 7*t**2 + 78*t - 6. Let d(f) = b(f) + 4*y(f). Determine d(j).
6
Let q(o) = -7 + 2 + 3 + 4*o + o - 4*o. Determine q(2).
0
Let d(f) = -f + 4. Let c = 18 - 30. Let i be c/102 - (-106)/34. Calculate d(i).
1
Let l be 21/(-56) + (-35)/(-8). Let t(z) = z**3 - 6*z**2 + 5*z + 5. Determine t(l).
-7
Let w(c) = 6*c - 1. Suppose 2*j = h + 6, -3*h - 5*j + 15 = -h. Suppose 144 = -h*s - 2*s. Let p be (-9)/s - 14/(-16). Calculate w(p).
5
Let h(f) be the second derivative of 1/2*f**3 + 0*f**2 + 0 + 7/24*f